 - -450?
5, 7, 13
Let o(y) = -101*y**3 + 3*y**2 + 4*y + 1. List the prime factors of o(-2).
3, 271
Suppose 0 = -3*g - 3*g + 402. Suppose 0*x - 108 = 4*x. Let p = x + g. List the prime factors of p.
2, 5
Let m = -19 + 21. List the prime factors of (1 + m)/(3 + (-558)/188).
2, 47
Let o(n) = -n**2 + 16*n + 21. Let j be ((-4)/8 - -1)*34. Let t be o(j). Suppose z + t = 8. List the prime factors of z.
2
Let q be 0/(-1)*(-12)/(-24). Suppose -3*x + 73 - 37 = q. List the prime factors of x.
2, 3
Suppose -4*n + 3*u + 1745 = 0, 0 = 3*n + 106*u - 101*u - 1345. What are the prime factors of n?
2, 5, 11
Suppose 0*u + 105 = 3*u. Suppose -u = -2*d + 9. What are the prime factors of (11 + d)/((-3)/(-2))?
2, 11
Let x = 31 - 28. Suppose x*b - 114 = -30. What are the prime factors of b?
2, 7
Suppose 17 = -2*h - m, -43 = -2*h + 7*h + 3*m. Let g(y) = 2*y**3 + 17*y**2 + 2*y - 5. List the prime factors of g(h).
43
Let d(a) = 27*a + 295. List the prime factors of d(17).
2, 13, 29
Suppose 5*l - 11 = 5*z - 16, -z = -4*l - 16. Let j(s) = -s**3 + 9*s**2 + 13*s + 17. What are the prime factors of j(l)?
2, 151
Let k(g) = 2*g**2 + 3*g - 9. Let z(t) = 2*t - 14. Let m be z(9). What are the prime factors of k(m)?
5, 7
Suppose 4*n = -n + 10. Let q = -11 - -27. Suppose n*y - q = 6. List the prime factors of y.
11
Let u be 8/6*(-33)/11. List the prime factors of (2/u)/(1/4)*-28.
2, 7
Let c(z) = 75*z**2 - 9*z - 14. Let o be c(-6). List the prime factors of (-32)/144 - o/(-18).
2, 19
Let r = 2423 - 1198. What are the prime factors of r?
5, 7
Let y be 2/11 - (-45)/55. List the prime factors of 2/(y/(236/4)).
2, 59
Let n be 1 + 7*(-4 + 3). List the prime factors of -212*(n/8)/3.
53
Let c(m) = 5*m**2 - 5*m + 1. Let d be c(-4). Let b = -72 + d. What are the prime factors of b?
29
Let h(n) = 9*n - 1. Let m be h(1). Suppose 7*i + 61 = m*i. What are the prime factors of i?
61
Suppose 2*v = 2, 14*y - 1902 = 13*y + 4*v. What are the prime factors of y?
2, 953
Let z(d) = 292*d**3 - d**2 + 2. Let w be z(-1). Let v = w + 469. List the prime factors of v.
2, 89
Let j be 1/(-3) - (-94)/(-6). Let x = j - -85. What are the prime factors of x?
3, 23
Suppose -2 = -15*m - 32. Let p(s) = -6*s - 6. List the prime factors of p(m).
2, 3
Suppose -713*i = -704*i - 36342. List the prime factors of i.
2, 3, 673
Let f(y) = 5*y**2 - 23*y + 573. What are the prime factors of f(17)?
1627
Suppose 0 = -n - 0*n. Suppose n = 4*z + 5 - 17. Suppose 0 = z*p - 2*p - w - 57, 5*w = 3*p - 181. List the prime factors of p.
2, 13
Let g = 3 - -2. Suppose -10 = -g*x - 0*x. List the prime factors of (x - 1)*(16 + -5).
11
Suppose o - 263 = 3*f, -8*o + 13*o = 4*f + 1260. List the prime factors of o.
2, 31
Suppose -4*d = 4*o + 512, -2*o - 3*o - 590 = -5*d. Let u = -26 - o. List the prime factors of u.
97
Suppose 12*y - 13*y = -4. List the prime factors of (-1)/(1*y/(-252)).
3, 7
Suppose -21 = 6*q - 5*q. Let u = 58 - q. What are the prime factors of u?
79
List the prime factors of 1965 + 0 + -8 + 2.
3, 653
Suppose 100*w = 94*w + 5844. What are the prime factors of w?
2, 487
List the prime factors of (-14)/1*(-3185)/65.
2, 7
Let g(d) be the second derivative of -7*d**3 - 10*d. List the prime factors of g(-1).
2, 3, 7
Let a(b) = 4*b + 17. Let o be a(-6). Let j = o + 73. Let m = -28 + j. List the prime factors of m.
2, 19
Let r(x) = -x**3 - 4*x**2 - 6*x - 7. Suppose c = -2*c - 9. Let y be r(c). List the prime factors of (y + -1)/((-2)/(-18)).
3
Suppose 3*v + 4 = 10. Suppose 4 = v*a, 7*a = -r + 4*a + 16. List the prime factors of r.
2, 5
Suppose -24*u + 4795 = -17*u. What are the prime factors of u?
5, 137
What are the prime factors of -8 - (-34086)/(60/10)?
3, 31, 61
Suppose 0 = 3*a - 7 + 28. Let t be 0/2 + (-980)/a. Suppose 0*o = 5*o - t. What are the prime factors of o?
2, 7
Suppose 24 = 5*f + u, -5*f + 2*u + 0*u = -27. Suppose 3 = -f*x - 12. What are the prime factors of 1*x/6*-20?
2, 5
Suppose 2*r - 4272 - 6472 = -4*j, 0 = 3*r - 4*j - 16146. List the prime factors of r.
2, 2689
Let l(z) = -z**2 + 7*z - 9. Let g be l(5). Let p(u) = -47*u - 2. Let r be p(g). Let m = -20 - r. List the prime factors of m.
29
Suppose 8*l - l = 28. Suppose l*u + 2*u = 1158. What are the prime factors of u?
193
Let i(b) = -4*b**2 + 8*b + 10. Let s be i(-5). Let t = -41 - s. List the prime factors of t.
89
Suppose -11 = -2*c - 3. Suppose 9 = c*j - 3*v - 86, 2*v = -j + 21. Suppose -5*x + j = -4*x. What are the prime factors of x?
23
Let q(y) = 23*y - 391. What are the prime factors of q(66)?
7, 23
Let t(q) = 2*q + 10. Let z be t(-3). What are the prime factors of (-2)/1 + (z - -51)?
53
Suppose 7*f - 13307 - 9933 = 0. List the prime factors of f/56 - 4/14.
59
Suppose 4*p - 3491 = 3*c, -3*c - 4363 = -10*p + 5*p. List the prime factors of p.
2, 109
Let o be ((-12)/5)/((-18)/60). List the prime factors of -13*(-1*o + 2).
2, 3, 13
Let v(a) = a**3 + a**2 - 2*a + 301. Let x be 7/((-147)/6) - (-2)/7. List the prime factors of v(x).
7, 43
Suppose -3*u - 5*g + 1861 = 268, g - 533 = -u. List the prime factors of u.
2, 67
Let b(v) = 29*v - 120. List the prime factors of b(20).
2, 5, 23
Let b be -1 - 1/1*-17. Suppose m = -3*c + 33 + b, 3*c + 62 = 2*m. List the prime factors of m.
37
Let m(a) = -a**2 - 17*a + 10. Suppose 32 + 34 = -6*q. List the prime factors of m(q).
2, 19
Let x be 2/4*(3 + 9). Let s = x + 22. List the prime factors of s.
2, 7
Let l be (-14)/(-21) + (-4)/6. Suppose m - 8 = 3*x, l*m - 10 = -2*m + 4*x. Let g = m + 19. What are the prime factors of g?
2, 3
Suppose -278 = 5*n - 2*i, n + i = 5*n + 220. What are the prime factors of 2*n*(-4)/16?
3
Suppose -2*i - i + k = -13, -4*i - k = -8. Suppose -9*w + 66 + 177 = 0. Suppose -4*q + i*o + w = 0, 0*q = -4*q + 5*o + 37. What are the prime factors of q?
3
Let c(i) = 249*i**2 - 10*i + 1. List the prime factors of c(4).
3, 5, 263
Suppose -2*k - 70 = -4*a, 15 = -5*a + 3*k + 105. Suppose 2*r + 2*r = -5*q - 30, -3*r = a. List the prime factors of ((-1)/q)/((-15)/(-2070)).
3, 23
Suppose 0*k + 2*q = 4*k - 9074, 6816 = 3*k + 2*q. What are the prime factors of k?
2, 5, 227
Let n = -2353 + 4120. List the prime factors of n.
3, 19, 31
List the prime factors of 16/(-12)*-750 + -6.
2, 7, 71
Let k(m) = 12*m**3 - 1 + 12*m**2 + 4 - 10*m - 13*m**3. What are the prime factors of k(4)?
7, 13
Suppose -4*v = -2*o - 6, 0 = -5*v - 0 + 5. What are the prime factors of ((-16)/48)/(o/639)?
3, 71
Let k be (-26)/(-4) + 24/(-48). Suppose -3*q - 162 = -k*q. List the prime factors of q.
2, 3
Suppose 5*z = -62*r + 63*r - 2970, 14850 = 5*r - 5*z. What are the prime factors of r?
2, 3, 5, 11
List the prime factors of 210/20*2170/21.
5, 7, 31
Let x(l) = 9 - 5 + 5 + 4*l**2 - 9*l. List the prime factors of x(-5).
2, 7, 11
What are the prime factors of -5 + (-3 + 6 - (-4 - 303))?
5, 61
Let i(x) = -234*x - 29. List the prime factors of i(-3).
673
Let v(x) = 263*x**2 + 2*x + 12. List the prime factors of v(2).
2, 3, 89
Let x = 1264 - 406. List the prime factors of x.
2, 3, 11, 13
Let s = -64 + 72. Suppose s*r - 23 - 313 = 0. What are the prime factors of r?
2, 3, 7
What are the prime factors of ((-7464)/(-4))/(1 - (-1)/(-4))?
2, 311
Suppose 0 = -2*w - 2*y + 2, -5*w = 2*y - 11. Suppose 5*k = -s + 9, -2*s + 1 = -4*k - w. Suppose -s = -p - 0. What are the prime factors of p?
2
Let z(j) = 4*j**2 + 33*j + 2. List the prime factors of z(-21).
29, 37
Suppose -2*j - 4*r = r - 6, -4*j - 3*r - 16 = 0. Let w = j + 2. Let b(k) = 2*k**2 + 5*k + 3. What are the prime factors of b(w)?
2, 7
Let x be 12/4 - 0 - -8. Suppose 3*j - s + 3*s = -4, 3*j = 5*s - x. Let q = 9 + j. List the prime factors of q.
7
Suppose 5*j + 3*r + 522 = 0, -2*j - j = 5*r + 326. Let f = -36 - j. List the prime factors of f.
2, 3, 11
Let s(c) be the third derivative of 5*c**4/4 + 2*c**3 - c**2 - c. What are the prime factors of s(10)?
2, 3, 13
Let t = 221 + 166. Suppose 5*i - t = 288. List the prime factors of i.
3, 5
Let p be 32/8 + (1 - (0 + 0)). Let c be 2*(-1)/3*-3. Suppose c*d - 31 = p. What are the prime factors of d?
2, 3
Let j = 123 - 57. Suppose -10*x + 11*x = j. List the prime factors of x.
2, 3, 11
Let r(p) = p**2 + 10*p + 7. Suppose -3*d - 28 = 8. What are the prime factors of r(d)?
31
Let j = -94 + 154. List the prime factors of 1880/j - 8/6.
2, 3, 5
Suppose 0 = -p + 45 - 5. Le